
What is the remainder when 620 is divided by 24?
20
Calculate the remainder when 14334 is divided by 81.
78
Calculate the remainder when 2678 is divided by 19.
18
What is the remainder when 242 is divided by 13?
8
Calculate the remainder when 218 is divided by 16.
10
What is the remainder when 517 is divided by 20?
17
Calculate the remainder when 178 is divided by 7.
3
What is the remainder when 2988 is divided by 68?
64
Calculate the remainder when 818 is divided by 20.
18
Calculate the remainder when 197 is divided by 40.
37
What is the remainder when 57 is divided by 31?
26
Calculate the remainder when 504 is divided by 22.
20
What is the remainder when 362 is divided by 45?
2
What is the remainder when 69 is divided by 8?
5
What is the remainder when 189 is divided by 10?
9
What is the remainder when 627 is divided by 37?
35
What is the remainder when 4967 is divided by 14?
11
Calculate the remainder when 1406 is divided by 101.
93
Calculate the remainder when 70 is divided by 19.
13
Calculate the remainder when 424 is divided by 138.
10
Calculate the remainder when 31462 is divided by 145.
142
What is the remainder when 51 is divided by 31?
20
What is the remainder when 992 is divided by 486?
20
Calculate the remainder when 4556 is divided by 31.
30
What is the remainder when 170 is divided by 21?
2
What is the remainder when 490 is divided by 110?
50
What is the remainder when 388 is divided by 10?
8
What is the remainder when 951 is divided by 466?
19
Calculate the remainder when 1042 is divided by 32.
18
Calculate the remainder when 147 is divided by 23.
9
Calculate the remainder when 191 is divided by 25.
16
What is the remainder when 78 is divided by 3?
0
What is the remainder when 2620 is divided by 82?
78
What is the remainder when 88 is divided by 51?
37
What is the remainder when 254 is divided by 243?
11
Calculate the remainder when 148 is divided by 35.
8
Calculate the remainder when 112 is divided by 29.
25
Calculate the remainder when 3183 is divided by 1588.
7
Calculate the remainder when 114 is divided by 13.
10
What is the remainder when 24 is divided by 20?
4
Calculate the remainder when 170 is divided by 41.
6
What is the remainder when 159 is divided by 55?
49
What is the remainder when 1129 is divided by 67?
57
What is the remainder when 700 is divided by 37?
34
What is the remainder when 3135 is divided by 3127?
8
What is the remainder when 13 is divided by 10?
3
What is the remainder when 141 is divided by 61?
19
What is the remainder when 709 is divided by 333?
43
Calculate the remainder when 37 is divided by 19.
18
Calculate the remainder when 284 is divided by 132.
20
What is the remainder when 215 is divided by 90?
35
What is the remainder when 186 is divided by 7?
4
Calculate the remainder when 740 is divided by 184.
4
Calculate the remainder when 112 is divided by 42.
28
Calculate the remainder when 610 is divided by 12.
10
Calculate the remainder when 159 is divided by 25.
9
What is the remainder when 58 is divided by 10?
8
Calculate the remainder when 500 is divided by 71.
3
Calculate the remainder when 980 is divided by 48.
20
Calculate the remainder when 129 is divided by 12.
9
What is the remainder when 516 is divided by 256?
4
Calculate the remainder when 1945 is divided by 34.
7
Calculate the remainder when 5584 is divided by 7.
5
Calculate the remainder when 1985 is divided by 104.
9
What is the remainder when 6 is divided by 2?
0
What is the remainder when 2121 is divided by 24?
9
What is the remainder when 549 is divided by 15?
9
Calculate the remainder when 4229 is divided by 47.
46
What is the remainder when 180 is divided by 13?
11
What is the remainder when 345 is divided by 6?
3
What is the remainder when 2727 is divided by 15?
12
What is the remainder when 886 is divided by 278?
52
Calculate the remainder when 102 is divided by 10.
2
What is the remainder when 56 is divided by 49?
7
What is the remainder when 1010 is divided by 31?
18
Calculate the remainder when 710 is divided by 105.
80
Calculate the remainder when 7407 is divided by 20.
7
Calculate the remainder when 1505 is divided by 217.
203
What is the remainder when 443 is divided by 75?
68
Calculate the remainder when 873 is divided by 175.
173
What is the remainder when 342 is divided by 43?
41
What is the remainder when 182 is divided by 62?
58
Calculate the remainder when 1101 is divided by 65.
61
What is the remainder when 1024 is divided by 35?
9
What is the remainder when 357 is divided by 92?
81
What is the remainder when 81 is divided by 72?
9
Calculate the remainder when 5975 is divided by 72.
71
Calculate the remainder when 1384 is divided by 28.
12
Calculate the remainder when 4899 is divided by 98.
97
Calculate the remainder when 261 is divided by 18.
9
Calculate the remainder when 263 is divided by 36.
11
What is the remainder when 1818 is divided by 8?
2
Calculate the remainder when 230 is divided by 209.
21
Calculate the remainder when 78 is divided by 52.
26
What is the remainder when 179 is divided by 45?
44
What is the remainder when 249 is divided by 10?
9
What is the remainder when 5057 is divided by 10?
7
Calculate the remainder when 455 is divided by 148.
11
Calculate the remainder when 2120 is divided by 2112.
8
What is the remainder when 156 is divided by 95?
61
What is the remainder when 20 is divided by 13?
7
Calculate the remainder when 47 is divided by 31.
16
Calculate the remainder when 27884 is divided by 39.
38
What is the remainder when 112 is divided by 39?
34
What is the remainder when 1713 is divided by 66?
63
Calculate the remainder when 594 is divided by 72.
18
What is the remainder when 1451 is divided by 18?
11
What is the remainder when 82 is divided by 42?
40
Calculate the remainder when 72 is divided by 13.
7
Calculate the remainder when 898 is divided by 25.
23
Calculate the remainder when 181 is divided by 8.
5
What is the remainder when 190 is divided by 45?
10
What is the remainder when 339 is divided by 18?
15
Calculate the remainder when 348 is divided by 17.
8
Calculate the remainder when 1232 is divided by 138.
128
Calculate the remainder when 197 is divided by 33.
32
Calculate the remainder when 1601 is divided by 202.
187
What is the remainder when 4002 is divided by 182?
180
Calculate the remainder when 130 is divided by 74.
56
What is the remainder when 216 is divided by 37?
31
Calculate the remainder when 1479 is divided by 28.
23
Calculate the remainder when 376 is divided by 24.
16
Calculate the remainder when 44 is divided by 39.
5
Calculate the remainder when 46 is divided by 16.
14
Calculate the remainder when 37 is divided by 7.
2
Calculate the remainder when 1308 is divided by 53.
36
Calculate the remainder when 136 is divided by 124.
12
What is the remainder when 169 is divided by 31?
14
What is the remainder when 3474 is divided by 183?
180
Calculate the remainder when 898 is divided by 419.
60
Calculate the remainder when 436 is divided by 294.
142
Calculate the remainder when 250 is divided by 70.
40
Calculate the remainder when 197 is divided by 51.
44
Calculate the remainder when 66 is divided by 12.
6
What is the remainder when 157 is divided by 3?
1
Calculate the remainder when 102 is divided by 18.
12
What is the remainder when 948 is divided by 219?
72
Calculate the remainder when 877 is divided by 88.
85
What is the remainder when 334 is divided by 99?
37
What is the remainder when 276 is divided by 35?
31
Calculate the remainder when 409 is divided by 409.
0
What is the remainder when 947 is divided by 233?
15
What is the remainder when 47 is divided by 7?
5
Calculate the remainder when 511 is divided by 39.
4
What is the remainder when 120 is divided by 3?
0
What is the remainder when 106 is divided by 2?
0
What is the remainder when 180 is divided by 21?
12
Calculate the remainder when 24 is divided by 2.
0
Calculate the remainder when 372 is divided by 59.
18
What is the remainder when 250 is divided by 42?
40
Calculate the remainder when 177 is divided by 64.
49
Calculate the remainder when 10107 is divided by 133.
132
Calculate the remainder when 5643 is divided by 5641.
2
What is the remainder when 1169 is divided by 1148?
21
Calculate the remainder wh